19463.
40
Calculate the remainder when 59495 is divided by 28769.
1957
What is the remainder when 63890 is divided by 4534?
414
What is the remainder when 28186964 is divided by 1676?
1672
Calculate the remainder when 18141391 is divided by 8.
7
Calculate the remainder when 38071 is divided by 948.
151
What is the remainder when 13230433 is divided by 3706?
13
Calculate the remainder when 24530 is divided by 160.
50
Calculate the remainder when 2456646 is divided by 232.
230
Calculate the remainder when 18955 is divided by 18202.
753
Calculate the remainder when 2071708 is divided by 121865.
3
Calculate the remainder when 298977 is divided by 49801.
171
What is the remainder when 15865 is divided by 4322?
2899
What is the remainder when 285873 is divided by 285741?
132
Calculate the remainder when 54380 is divided by 13163.
1728
Calculate the remainder when 57643373 is divided by 895.
3
What is the remainder when 44039 is divided by 43933?
106
What is the remainder when 2735397 is divided by 455894?
33
Calculate the remainder when 570926 is divided by 109.
93
Calculate the remainder when 330857 is divided by 20635.
697
Calculate the remainder when 41007363 is divided by 578.
575
What is the remainder when 231833 is divided by 974?
21
Calculate the remainder when 1181603 is divided by 295391.
39
Calculate the remainder when 42574 is divided by 222.
172
Calculate the remainder when 1443463359 is divided by 16.
15
Calculate the remainder when 8731 is divided by 1421.
205
Calculate the remainder when 316713 is divided by 105529.
126
Calculate the remainder when 14665320 is divided by 14739.
15
What is the remainder when 329556989 is divided by 210?
209
What is the remainder when 10327133 is divided by 164?
53
Calculate the remainder when 5772129 is divided by 33.
0
What is the remainder when 295442 is divided by 5818?
4542
Calculate the remainder when 9706758 is divided by 7.
5
Calculate the remainder when 2440844 is divided by 110947.
10
Calculate the remainder when 212768 is divided by 2849.
1942
Calculate the remainder when 168227 is divided by 9343.
53
Calculate the remainder when 17877 is divided by 10717.
7160
What is the remainder when 269512 is divided by 14940?
592
What is the remainder when 2528115 is divided by 3371?
3236
Calculate the remainder when 1040461 is divided by 428.
421
Calculate the remainder when 31907960 is divided by 41.
38
What is the remainder when 3958240 is divided by 1319301?
337
Calculate the remainder when 58321817 is divided by 281.
267
What is the remainder when 7432079 is divided by 9870?
9839
Calculate the remainder when 94598 is divided by 15750.
98
Calculate the remainder when 42077 is divided by 508.
421
What is the remainder when 69988919 is divided by 15?
14
What is the remainder when 184394 is divided by 6?
2
Calculate the remainder when 1699983 is divided by 13.
12
Calculate the remainder when 269244 is divided by 1051.
188
What is the remainder when 214665 is divided by 3110?
75
Calculate the remainder when 1151336 is divided by 82236.
32
What is the remainder when 7901657 is divided by 2358?
2357
What is the remainder when 10634410 is divided by 350?
10
What is the remainder when 127364 is divided by 42097?
1073
Calculate the remainder when 996962 is divided by 332280.
122
Calculate the remainder when 358044478 is divided by 6390.
6388
What is the remainder when 5128994 is divided by 61794?
92
Calculate the remainder when 47601 is divided by 1752.
297
What is the remainder when 233128 is divided by 4238?
38
Calculate the remainder when 763468 is divided by 839.
817
Calculate the remainder when 591581 is divided by 2128.
2125
What is the remainder when 708081 is divided by 117899?
687
Calculate the remainder when 17834 is divided by 19.
12
What is the remainder when 57740798 is divided by 534637?
2
What is the remainder when 6497182 is divided by 430?
312
What is the remainder when 12190038 is divided by 429?
3
What is the remainder when 12774 is divided by 97?
67
What is the remainder when 15655891 is divided by 89?
79
Calculate the remainder when 355056 is divided by 1062.
348
What is the remainder when 337381 is divided by 2249?
31
Calculate the remainder when 28438615 is divided by 588.
583
What is the remainder when 325768 is divided by 6145?
83
What is the remainder when 11607379 is divided by 341389?
153
Calculate the remainder when 544912 is divided by 90814.
28
What is the remainder when 9195865 is divided by 1239?
7
Calculate the remainder when 1704902 is divided by 9.
5
Calculate the remainder when 326550 is divided by 1351.
959
Calculate the remainder when 6950402 is divided by 90.
62
Calculate the remainder when 492381404 is divided by 1297.
1294
Calculate the remainder when 705249 is divided by 310.
309
Calculate the remainder when 32036 is divided by 3522.
338
What is the remainder when 20593 is divided by 2159?
1162
Calculate the remainder when 2325614 is divided by 6.
2
Calculate the remainder when 670801 is divided by 4220.
4041
Calculate the remainder when 156918 is divided by 156911.
7
Calculate the remainder when 11878326 is divided by 156.
18
Calculate the remainder when 1890 is divided by 1835.
55
What is the remainder when 43257 is divided by 126?
39
Calculate the remainder when 169509056 is divided by 28.
24
What is the remainder when 1342534 is divided by 671266?
2
What is the remainder when 16157132 is divided by 342?
26
Calculate the remainder when 7725899 is divided by 156.
155
What is the remainder when 2010125 is divided by 310?
85
What is the remainder when 5371305 is divided by 5371301?
4
What is the remainder when 56346 is divided by 56156?
190
Calculate the remainder when 168523 is divided by 56161.
40
Calculate the remainder when 434806 is divided by 46.
14
Calculate the remainder when 36572144 is divided by 1536.
1520
What is the remainder when 23514287 is divided by 188?
187
What is the remainder when 3153220 is divided by 760?
740
Calculate the remainder when 32364 is divided by 31834.
530
What is the remainder when 2690991 is divided by 22805?
1
Calculate the remainder when 210686 is divided by 14663.
5404
What is the remainder when 227032 is divided by 988?
780
What is the remainder when 6265717 is divided by 882?
871
What is the remainder when 243415165 is divided by 6?
1
Calculate the remainder when 1105279 is divided by 24027.
37
What is the remainder when 1013980 is divided by 5255?
5020
What is the remainder when 1640368 is divided by 78111?
37
Calculate the remainder when 33548572 is divided by 885.
877
What is the remainder when 456755 is divided by 152207?
134
Calculate the remainder when 540652 is divided by 787.
770
What is the remainder when 4169697 is divided by 2654?
263
Calculate the remainder when 28332 is divided by 178.
30
Calculate the remainder when 723843 is divided by 3245.
208
Calculate the remainder when 60535383 is divided by 289.
287
What is the remainder when 11683915 is divided by 162?
151
What is the remainder when 2485802 is divided by 149?
35
What is the remainder when 786119 is divided by 1389?
1334
Calculate the remainder when 886070743 is divided by 107.
105
Calculate the remainder when 404065795 is divided by 32.
3
Calculate the remainder when 6342415 is divided by 20.
15
Calculate the remainder when 84651 is divided by 1584.
699
Calculate the remainder when 301390865 is divided by 3066.
3065
What is the remainder when 240531615 is divided by 282?
279
What is the remainder when 5827472 is divided by 14214?
13946
What is the remainder when 378117594 is divided by 3804?
3798
Calculate the remainder when 583717 is divided by 627.
607
What is the remainder when 21468181 is divided by 117?
85
What is the remainder when 86906 is divided by 1273?
342
Calculate the remainder when 66106 is divided by 702.
118
Calculate the remainder when 301901 is divided by 75475.
1
What is the remainder when 151562 is divided by 9456?
266
Calculate the remainder when 2980399 is divided by 49.
23
Calculate the remainder when 46646482 is divided by 138.
136
What is the remainder when 653717 is divided by 653716?
1
Calculate the remainder when 6267 is divided by 3428.
2839
Calculate the remainder when 490184 is divided by 37706.
6
What is the remainde